(base 8) in base 11?
-235
What is -2253 (base 7) in base 6?
-3450
What is 236 (base 12) in base 9?
406
-3754 (base 8) to base 13
-c00
1103 (base 5) to base 6
413
Convert 177c (base 13) to base 6.
24043
-10102 (base 6) to base 14
-6b4
What is 2243414 (base 5) in base 6?
511232
445 (base 9) to base 11
302
Convert -812 (base 9) to base 15.
-2de
111101011111 (base 2) to base 11
2a58
1d87 (base 15) to base 2
1100100011011
What is -1556 (base 7) in base 14?
-32d
123005 (base 6) to base 2
10101100001101
Convert -242 (base 8) to base 16.
-a2
What is 12320100 (base 4) in base 8?
67020
What is 3335 (base 9) in base 2?
100110011110
What is -895 (base 15) in base 5?
-30230
321202 (base 6) to base 3
1022221202
1d8a (base 16) to base 8
16612
Convert -44544 (base 8) to base 5.
-1100123
What is -2a363 (base 12) in base 8?
-163573
What is 1131 (base 12) in base 8?
3565
567 (base 8) to base 13
22b
Convert -120210 (base 3) to base 13.
-26a
-4302 (base 8) to base 9
-3061
-134104 (base 5) to base 2
-1010110011001
1220220 (base 3) to base 4
111321
What is 6784 (base 12) in base 5?
331401
Convert 2a4 (base 12) to base 2.
110011100
Convert -da (base 15) to base 9.
-247
Convert 2 (base 16) to base 3.
2
Convert 12210 (base 3) to base 7.
312
What is -8b08 (base 13) in base 4?
-10233303
What is -21d (base 15) in base 2?
-111011110
Convert -178a (base 12) to base 8.
-5432
-4984 (base 15) to base 2
-11110100100001
What is -146507 (base 8) in base 16?
-cd47
Convert -10603 (base 8) to base 7.
-16033
Convert 3528 (base 11) to base 10.
4628
Convert -786b (base 13) to base 10.
-16820
-222002 (base 3) to base 4
-23000
120200 (base 4) to base 9
2132
Convert 2e58 (base 16) to base 15.
37ae
What is -868 (base 13) in base 10?
-1438
61130 (base 7) to base 3
202022212
-100e (base 15) to base 4
-310331
What is -21006 (base 8) in base 4?
-2020012
Convert -409 (base 11) to base 13.
-2bc
What is -13303 (base 4) in base 7?
-1312
What is -2 (base 13) in base 6?
-2
Convert -8d5 (base 15) to base 5.
-31000
Convert -99b5 (base 12) to base 14.
-6293
What is 1020 (base 11) in base 12?
949
What is 1021121 (base 3) in base 9?
1247
172 (base 10) to base 11
147
What is -220013 (base 4) in base 14?
-d15
What is -4047 (base 9) in base 13?
-1468
Convert 2100001 (base 3) to base 9.
2301
Convert -265 (base 13) to base 3.
-120121
What is 1111211 (base 3) in base 8?
2116
Convert 45132 (base 6) to base 12.
37a8
Convert 1010001010111111 (base 2) to base 13.
15c6b
-1005 (base 9) to base 5
-10414
What is 2560 (base 10) in base 9?
3454
551 (base 7) to base 12
1b5
1052 (base 6) to base 9
305
100100000 (base 2) to base 13
192
14312 (base 5) to base 2
10010110111
What is 112302 (base 4) in base 11?
1106
What is -19a3 (base 11) in base 10?
-2533
What is -238 (base 10) in base 15?
-10d
Convert -462 (base 7) to base 12.
-180
-4744 (base 8) to base 7
-10245
-1000211221 (base 3) to base 15
-6037
Convert -1306 (base 7) to base 4.
-13300
What is 2112100 (base 3) in base 13?
abc
What is a1a (base 12) in base 6?
10434
-34616 (base 9) to base 2
-101101000111100
Convert -c55 (base 14) to base 15.
-abc
2005 (base 7) to base 12
497
1000000112 (base 3) to base 5
1112242
What is 30661 (base 8) in base 7?
52042
45078 (base 11) to base 13
23955
What is -98b (base 16) in base 4?
-212023
Convert -12323311 (base 4) to base 12.
-14531
-12212 (base 10) to base 12
-7098
Convert -1150131 (base 6) to base 9.
-102561
What is -312 (base 6) in base 3?
-11022
What is 133223 (base 5) in base 3?
21110102
Convert -1120212200 (base 3) to base 14.
-b569
What is -34b7 (base 15) in base 13?
-5134
-295 (base 10) to base 15
-14a
What is 41514 (base 7) in base 12?
5aa3
-423 (base 7) to base 13
-135
-1000010100 (base 2) to base 16
-214
What is -284 (base 15) in base 12?
-3ba
Convert 201230 (base 4) to base 6.
13552
817 (base 9) to base 8
1230
What is 20000022 (base 3) in base 8?
10436
What is 3ba (base 16) in base 11?
798
What is -306 (base 7) in base 13?
-ba
40133 (base 6) to base 3
21012010
What is -11184 (base 10) in base 7?
-44415
Convert -44b (base 12) to base 11.
-528
What is -962 (base 10) in base 16?
-3c2
What is -20123 (base 4) in base 6?
-2255
-20e (base 16) to base 8
-1016
-7bc8 (base 13) to base 14
-64b0
Convert 1032 (base 10) to base 8.
2010
What is 1222021210 (base 3) in base 10?
38847
d4a (base 14) to base 12
161a
What is -31738 (base 9) in base 13?
-9746
-a7c (base 13) to base 11
-1390
13113 (base 7) to base 9
4706
What is -201201 (base 4) in base 15?
-980
Convert -1744 (base 12) to base 13.
-1366
What is 1b9e (base 16) in base 8?
15636
What is 360 (base 7) in base 3?
21000
7184 (base 9) to base 12
3064
What is -5272 (base 10) in base 12?
-3074
Convert 51154 (base 6) to base 15.
2011
What is -15008 (base 11) in base 9?
-32201
What is -87a (base 14) in base 2?
-11010001100
-3d8 (base 14) to base 2
-1100001010
What is -4ea (base 16) in base 15?
-58d
Convert 32021 (base 5) to base 6.
13520
8074 (base 9) to base 16
170b
-4325 (base 6) to base 13
-5b1
-12342 (base 5) to base 16
-3cc
1202011011 (base 3) to base 10
34375
Convert 1100011100000011 (base 2) to base 6.
1031511
-141122 (base 6) to base 3
-200010212
2673 (base 9) to base 13
bb8
Convert 10011120 (base 3) to base 11.
1810
10011101 (base 2) to base 9
184
-b65a (base 12) to base 2
-100110111100110
What is -10 (base 6) in base 15?
-6
What is 1496 (base 11) in base 12?
1140
4220 (base 6) to base 4
32310
What is -1001101110101 (base 2) in base 9?
-6744
What is 140 (base 7) in base 8?
115
What is -654 (base 16) in base 4?
-121110
2202200 (base 4) to base 14
3b0c
What is 2457 (base 8) in base 2?
10100101111
Convert 1101101100111 (base 2) to base 3.
100121211
Convert 102600 (base 8) to base 14.
c652
-2000 (base 7) to base 12
-492
-5150 (base 9) to base 10
-3771
Convert 4ed (base 15) to base 6.
5111
What is 54470 (base 9) in base 5?
2123413
What is 149 (base 11) in base 12?
126
What is -3004 (base 5) in base 7?
-1051
1064 (base 11) to base 13
83a
-2350 (base 8) to base 2
-10011101000
Convert -132221 (base 4) to base 15.
-8ab
Convert -4b1 (base 14) to base 2.
-1110101011
Convert -1518 (base 9) to base 3.
-1120122
21020121 (base 3) to base 16
14a1
What is -362d (base 15) in base 2?
-10110011111110
What is 96 (base 11) in base 8?
151
Convert 15358 (base 13) to base 16.
9cbe
What is 10027 (base 16) in base 4?
100000213
201010112 (base 3) to base 16
367a
-781 (base 9) to base 3
-212201
What is -34101 (base 6) in base 11?
-3664
What is 154 (base 15) in base 6?
1224
22a (base 16) to base 11
464
What is 3257 (base 12) in base 5?
134124
What is 2201 (base 4) in base 3?
12222
What is 3 (base 4) in base 14?
3
What is d9c (base 15) in base 3?
11012210
Convert -10500 (base 15) to base 14.
-14c06
-220211 (base 3) to base 14
-35c
12110222 (base 4) to base 15
7a18
What is 96 (base 16) in base 8?
226
What is -10101011100 (base 2) in base 3?
-1212211
-232220 (base 4) to base 13
-1487
What is 28500 (base 9) in base 14?
70ab
-5736 (base 11) to base 13
-3581
What is -200103 (base 4) in base 8?
-4023
What is -101320 (base 5) in base 6?
-23235
-79a (base 12) to base 4
-101212
Convert 593 (base 13) to base 16.
3c5
What is -1037a (base 12) in base 9?
-32144
What is 2675 (base 11) in base 5?
102340
225 (base 13) to base 2
101110001
What is 3142 (base 7) in base 4?
101110
40428 (base 10) to base 13
1552b
-101100111100 (base 2) to base 10
-2876
What is -10b9 (base 13) in base 5?
-33344
Convert 2112011 (base 3) to base 6.
12304
What is 111010110 (base 2) in base 10?
470
-30b (base 15) to base 6
-3102
-7377 (base 12) to base 5
-400434
What is 1455 (base 9) in base 16?
44f
What is 3303 (base 4) in base 10?
243
346 (base 10) to base 4
11122
Convert 982 (base 13) to base 3.
2020021
Convert 2013232 (base 4) to base 11.
6587
Convert -31176 (base 8) to base 4.
-3021332
What is -dae (base 16) in base 9?
-4721
What is -5352 (base 12) in base 2?
-10001110101110
3410 (base 5) to base 7
1254
What is 4a1 (base 13) in base 3?
1002220
What is 5530 (base 6) in base 7?
3504
What is -11154 (base 6) in base 16?
-62e
170b (base 15) to base 8
11541
-312d (base 16) to base 5
-400324
What is -cd (base 16) in base 12?
-151
30002212 (base 4) to base 12
2465a
-7cb (base 13) to base 4
-111012
Convert 454 (base 12) to base 13.
3a3
What is 101112